
-6
Let u(y) = -410*y - 111517. Determine u(-272).
3
Let i(v) = 36*v + 183. Determine i(6).
399
Let i(q) = -4*q**3 + 18*q**2 - 78*q + 171. What is i(3)?
-9
Let z(g) = -522*g - 1043. What is z(-2)?
1
Let j(n) = -n**3 + 848*n**2 - 3376*n - 5. What is j(4)?
-5
Let k(u) = -318*u - 2215. Give k(-7).
11
Let i(y) = 3*y**3 - 21*y**2 - 230*y. Give i(-6).
-24
Let r(w) = -3*w**2 + 257*w - 16. Give r(0).
-16
Let f(h) = -h**2 - 195*h + 7244. What is f(32)?
-20
Let w(r) = 20*r - 1492. What is w(79)?
88
Let q(j) = -8*j**2 + 178*j - 8. Calculate q(22).
36
Let d(u) = u**3 + 126*u**2 + 2198*u - 152. Give d(-21).
-5
Let i(q) = 15*q - 540. Calculate i(39).
45
Let j(t) = t**3 - 3*t**2 - 15*t + 10. What is j(5)?
-15
Let w(y) = y**3 - 17*y**2 - 58*y - 44. Determine w(20).
-4
Let p(i) = -i**3 + 34*i**2 - 2*i - 22. Determine p(0).
-22
Let x(l) = l**3 + 36*l**2 - 149*l - 1243. Calculate x(-39).
5
Let d(c) = -137*c + 816. What is d(6)?
-6
Let l(p) = 101*p**2 + 3*p + 20. Give l(-3).
920
Let v(z) = z**2 - 21*z + 6. What is v(0)?
6
Let u(k) = 113*k**2 - 208*k - 2. Calculate u(2).
34
Let z(h) = h**2 - 6*h - 76. Calculate z(-11).
111
Let x(h) = 2*h**2 - 1206*h + 4788. Determine x(4).
-4
Let i(j) = -j**2 + 33*j - 276. Calculate i(18).
-6
Let a(y) = -y**3 - 193*y**2 + 1632*y - 181. Calculate a(8).
11
Let z(y) = 12*y - 50. What is z(-6)?
-122
Let o(x) = -4*x**3 - 43*x**2 + 12*x + 53. Determine o(-11).
42
Let f(x) = 107*x**3 + 121*x**2 + 6*x - 4. Determine f(-1).
4
Let y(s) = s**3 - 18*s**2 + 27*s - 58. Determine y(16).
-138
Let g(n) = -46*n - 912. What is g(-20)?
8
Let y(a) = a**3 - 6*a**2 + 12*a - 26. What is y(4)?
-10
Let o(k) = -1284*k - 3825. Determine o(-3).
27
Let v(u) = 9*u + 31. Give v(-23).
-176
Let k(x) = x**2 + 39*x - 254. Give k(6).
16
Let l(r) = r**3 - 31*r**2 + 222*r - 7. Calculate l(20).
33
Let q(i) = -i**3 + i**2 + i + 13. Calculate q(4).
-31
Let o(j) = 33*j**2 + 892*j + 33. Give o(-27).
6
Let a(o) = o**2 - 53*o - 134. Calculate a(56).
34
Let a(x) = 6*x - 232. Determine a(37).
-10
Let d(n) = -n**3 + 30*n**2 - 40*n - 1080. Calculate d(27).
27
Let x(g) = 2*g**2 + 110*g + 248. Determine x(-46).
-580
Let d(y) = 202*y + 8295. Determine d(-41).
13
Let i(k) = -25842*k + 180902. Calculate i(7).
8
Let h(f) = -310*f - 2159. What is h(-7)?
11
Let h(n) = -1126*n - 10137. Give h(-9).
-3
Let v(q) = -1481*q - 11840. What is v(-8)?
8
Let t(s) = 125*s + 25857. Determine t(-207).
-18
Let c(y) = -2*y**2 + 72*y + 622. Determine c(43).
20
Let z(i) = -2*i - 139. Give z(-69).
-1
Let q(w) = w**2 - 7*w - 14. Determine q(-5).
46
Let i(v) = 481*v - 159. Calculate i(0).
-159
Let b(v) = 2*v**3 - 105*v**2 - 41*v + 4824. Give b(52).
-12
Let z(k) = k**3 - 29*k**2 + 67*k - 307. What is z(27)?
44
Let y(f) = -f**3 - 26*f**2 + 58*f + 87. Determine y(-28).
31
Let o(f) = -101*f - 9232. Determine o(-91).
-41
Let n(v) = -v**2 - 2334*v + 4667. Give n(2).
-5
Let i(g) = -g**2 + 126*g + 95. What is i(0)?
95
Let a(h) = h**2 + 17*h - 77. What is a(-15)?
-107
Let s(b) = b**2 - 49*b - 326. Calculate s(51).
-224
Let y(b) = -896*b - 72. Give y(0).
-72
Let v(r) = 153*r + 3050. Calculate v(-20).
-10
Let l(p) = 21*p**2 + 141*p - 28. Give l(-8).
188
Let d(i) = 4*i**3 + 138*i**2 + 204*i + 210. Determine d(-33).
12
Let d(m) = 1011*m + 9104. Give d(-9).
5
Let y(x) = -21*x**2 + 59*x - 113. What is y(2)?
-79
Let b(m) = -m**2 - 34*m - 195. Give b(-26).
13
Let o(y) = 165*y + 9737. Give o(-59).
2
Let v(m) = -6852*m - 20584. Calculate v(-3).
-28
Let c(r) = r**2 + 87*r + 1014. What is c(-13)?
52
Let i(q) = 18*q**2 - 292*q - 159. Give i(17).
79
Let o(l) = 1203*l + 30084. Determine o(-25).
9
Let r(z) = 5*z**2 - 155*z + 3. Calculate r(31).
3
Let g(n) = n**3 - 12*n**2 + 194*n - 939. Give g(6).
9
Let u(v) = -2*v**3 - 14*v**2 - 41*v - 46. What is u(-3)?
5
Let y(p) = 27*p**2 - 244*p - 4. Calculate y(9).
-13
Let v(q) = q**2 - 39*q - 2264. Determine v(71).
8
Let n(q) = q**3 + 28*q**2 - 45*q - 77. Give n(-29).
387
Let b(d) = -d**3 + 99*d**2 - 2237*d - 195. Give b(64).
-3
Let t(b) = -b**3 + 86*b**2 - 252*b + 175. Give t(83).
-74
Let f(m) = -m**3 + 6*m**2 - 6*m + 2. Give f(3).
11
Let b(a) = 206*a + 187. Determine b(-3).
-431
Let a(l) = 2*l**2 + 319*l - 10727. Determine a(-188).
-11
Let c(t) = -t**2 + 86*t - 739. Give c(10).
21
Let k(m) = -1525*m + 33563. Determine k(22).
13
Let o(a) = 90*a - 2770. Give o(31).
20
Let d(h) = -2*h**2 - 401*h + 2913. Determine d(7).
8
Let k(m) = -2*m - 159. Determine k(-42).
-75
Let n(q) = -2*q**2 - 13*q + 655. What is n(15)?
10
Let c(j) = -82*j**2 - 150*j - 151. Determine c(-1).
-83
Let q(u) = -101*u + 31. Determine q(7).
-676
Let q(h) = -2*h**2 - 121*h + 2812. Determine q(18).
-14
Let u(b) = -b**2 + 34*b + 345. What is u(40)?
105
Let y(c) = 176*c + 6141. What is y(-35)?
-19
Let k(f) = -f**3 + 52*f + 133. Calculate k(-5).
-2
Let s(k) = -17*k**3 + 18*k**2 + 5*k + 13. Give s(-3).
619
Let m(t) = -2*t**2 - 82*t + 476. What is m(6)?
-88
Let h(y) = 2*y**2 - 8. Calculate h(-10).
192
Let d(o) = o**3 + 11*o**2 + 37*o + 93. Calculate d(-5).
58
Let g(c) = -1660*c - 58095. Give g(-35).
5
Let d(c) = 2*c**2 + 18*c + 60. Determine d(-11).
104
Let i(h) = 79*h + 533. Calculate i(-7).
-20
Let t(s) = s**3 + 10*s**2 - 75*s - 850. What is t(-10)?
-100
Let q(i) = 2*i**2 + 9*i - 8. Give q(-6).
10
Let l(q) = 4*q**2 - 47*q + 235. Calculate l(7).
102
Let w(d) = 5*d**2 + 118*d - 424. Give w(-26).
-112
Let k(u) = u**2 + 40*u + 217. What is k(-6)?
13
Let l(h) = -13*h**2 - 1935*h + 277. Calculate l(-149).
-21
Let p(a) = -250*a - 2787. What is p(-11)?
-37
Let t(k) = -k**2 - 485*k - 2416. What is t(-5)?
-16
Let m(w) = -6*w**3 - 8*w**2 + 18*w + 7. Calculate m(2).
-37
Let x(r) = -2*r**3 - 15*r**2 + 9*r - 8. Determine x(-7).
-120
Let o(t) = 6*t**3 + 3*t**2 - 11*t + 9. What is o(3)?
165
Let o(u) = -18*u**2 + 135*u + 72. Determine o(8).
0
Let t(z) = -62*z + 643. Determine t(11).
-39
Let v(a) = 4*a**2 - 46*a - 94. Determine v(-5).
236
Let i(u) = -u**3 - 14*u**2 - u - 32. What is i(-15)?
208
Let w(f) = -f**2 + 11*f + 86. Determine w(-6).
-16
Let s(n) = 2*n**2 + 16*n - 68. Determine s(-10).
-28
Let s(r) = -4*r**2 - 43*r - 41. Determine s(-1).
-2
Let y(p) = -9*p**2 - p + 166. What is y(-8)?
-402
Let d(s) = -s**3 - 935*s**2 + 6584*s + 65. Calculate d(7).
-5
Let n(i) = 36*i - 47. Determine n(-7).
-299
Let v(w) = -114*w + 810. Determine v(7).
12
Let t(j) = j**3 + 15*j**2 + 51*j + 29. Give t(-10).
19
Let o(t) = -t**3 + 4*t**2 - 14*t + 4. Determine o(0).
4
Let y(t) = 2*t**3 - 104*t**2 + t - 165. Calculate y(52).
-113
Let w(b) = -6*b**3 - 6*b**2 - 6*b - 5. Give w(-2).
31
Let p(h) = 3*h**3 - 18*h**2 - 17*h - 38. What is p(7)?
-10
Let l(m) = m**3 + 7*m**2 - 4*m + 61. Determine l(-9).
-65
Let o(l) = -210*l - 1258. Calculate o(-6).
2
Let z(f) = -637*f**2 - 7003*f + 49. What is z(-11)?
5
Let l(x) = 829*x + 2456. What is l(-3)?
-31
Let i(x) = x**3 - 120*x**2 + 117*x + 340. What is i(119)?
102
Let w(d) = -d**3 + 18*d**2 - 47*d + 98. Give w(16).
-142
Let k(d) = d**3 + 146*d**2 - d - 155. Give k(-146).
-9
Let j(v) = 7*v**2 + 163*v + 67. Give j(-23).
21
Let t(m) = -1631*m + 86436. Give t(53).
-7
Let n(y) = 4*y**2 - 221*y - 172. Give n(56).
-4
Let c(i) = 3087*i + 21569. Give c(-7).
-40
Let b(x) = x**2 - 18*x - 320. Determine b(-11).
-1
Let p(m) = 6*m - 132. Determine p(14).
-48
Let s(q) = -2*q**2 + 64*q - 870. Determine s(21).
-408
Let r(l) = -1720*l - 6882. Give r(-4).
-2
Let p(k) = -194*k - 1807. Determine p(-14).
909
Let p(l) = -720*l**2 - 2163*l - 9. What is p(-3)?
0
Let s(f) = 1005*f + 4961. Calculate s(-5).
-64
Let v(f) = f**2 + 32*f + 202. What is v(-7)?
27
Let y(u) = -270*u - 3511. Give y(-13).
-1
Let j(r) = -14*r**2 + 340*r - 1. Give j(25).
-251
Let i(y) = y**3 - 9*y**2 - 4*y + 17. What is i(9)?
-19
Let j(c) = c**3 - 10*c**2 - 16*c - 126. Determine j(12).
-30
Let v(r) = 3913*r - 3821. Determine v(1).
92
Let v(h) = -2*h**2 - h + 20. Calculate v(0).
20
Let h(n) = n**2 - 37*n - 199. What is h(42)?
11
Let d(f) = 133*f + 1697. Give d(-13).
-32
Let r(i) = -2*i**3 + 13*i**2 + 26*i - 37. Give r(10).
-477
Let j(s) = -8*s**3 + 35*s**2 + 80*s - 12. Give j(6).
0
Let o(r) = -4486*r - 134586. Calculate o(-30).
-6
Let u(c) = 7*c**2 - 166*c - 236. Calculate u(25).
-11
Let g(u) = -766*u - 9953. What is g(-13)?
5
Let i(x) = -4*x**3 + 190*x**2 + 63*x + 1589. Calculate